{"id":62,"date":"2024-10-23T13:34:40","date_gmt":"2024-10-23T13:34:40","guid":{"rendered":"https:\/\/dummy.xtemos.com\/woodmart2\/makup\/?page_id=62"},"modified":"2024-12-12T15:58:46","modified_gmt":"2024-12-12T12:58:46","slug":"hakkimizda","status":"publish","type":"page","link":"https:\/\/www.karadenizmasasandalye.com\/index.php\/hakkimizda\/","title":{"rendered":"Hakk\u0131m\u0131zda"},"content":{"rendered":"<div class=\"wpb-content-wrapper\"><p>[vc_row woodmart_stretch_content=&#8221;section-stretch&#8221; css=&#8221;.vc_custom_1733395313951{margin-top: -40px !important;margin-bottom: 40px !important;padding-top: 60px !important;padding-bottom: 30px !important;background-color: #262929 !important;}&#8221; woodmart_css_id=&#8221;675181fc1c6c1&#8243; responsive_spacing=&#8221;eyJwYXJhbV90eXBlIjoid29vZG1hcnRfcmVzcG9uc2l2ZV9zcGFjaW5nIiwic2VsZWN0b3JfaWQiOiI2NzUxODFmYzFjNmMxIiwic2hvcnRjb2RlIjoidmNfcm93IiwiZGF0YSI6eyJ0YWJsZXQiOnsicGFkZGluZy10b3AiOiI0MHB4IiwicGFkZGluZy1ib3R0b20iOiIxMHB4In0sIm1vYmlsZSI6e319fQ==&#8221; mobile_bg_img_hidden=&#8221;no&#8221; tablet_bg_img_hidden=&#8221;no&#8221; woodmart_parallax=&#8221;0&#8243; woodmart_gradient_switch=&#8221;no&#8221; woodmart_box_shadow=&#8221;no&#8221; wd_z_index=&#8221;no&#8221; woodmart_disable_overflow=&#8221;0&#8243; row_reverse_mobile=&#8221;0&#8243; row_reverse_tablet=&#8221;0&#8243;][vc_column woodmart_color_scheme=&#8221;light&#8221; css=&#8221;.vc_custom_1729773735030{padding-top: 0px !important;}&#8221; woodmart_css_id=&#8221;671a40a54d3f7&#8243; parallax_scroll=&#8221;no&#8221; woodmart_sticky_column=&#8221;false&#8221; wd_collapsible_content_switcher=&#8221;no&#8221; wd_column_role_offcanvas_desktop=&#8221;no&#8221; wd_column_role_offcanvas_tablet=&#8221;no&#8221; wd_column_role_offcanvas_mobile=&#8221;no&#8221; wd_column_role_content_desktop=&#8221;no&#8221; wd_column_role_content_tablet=&#8221;no&#8221; wd_column_role_content_mobile=&#8221;no&#8221; mobile_bg_img_hidden=&#8221;no&#8221; tablet_bg_img_hidden=&#8221;no&#8221; woodmart_parallax=&#8221;0&#8243; woodmart_box_shadow=&#8221;no&#8221; responsive_spacing=&#8221;eyJwYXJhbV90eXBlIjoid29vZG1hcnRfcmVzcG9uc2l2ZV9zcGFjaW5nIiwic2VsZWN0b3JfaWQiOiI2NzFhNDBhNTRkM2Y3Iiwic2hvcnRjb2RlIjoidmNfY29sdW1uIiwiZGF0YSI6eyJ0YWJsZXQiOnt9LCJtb2JpbGUiOnt9fX0=&#8221; mobile_reset_margin=&#8221;no&#8221; tablet_reset_margin=&#8221;no&#8221; wd_z_index=&#8221;no&#8221;]\n\t\t<div id=\"wd-67518108ab9f2\" class=\"title-wrapper wd-wpb wd-set-mb reset-last-child  wd-rs-67518108ab9f2 wd-title-color-default wd-title-style-default text-left vc_custom_1733394933045 wd-width-custom wd-underline-colored\">\n\t\t\t\n\t\t\t<div class=\"liner-continer\">\n\t\t\t\t<h4 class=\"woodmart-title-container title  wd-font-weight- wd-fontsize-l\" >Ya\u015fam Alanlar\u0131n\u0131z \u0130\u00e7in \u0130lham Kayna\u011f\u0131<\/h4>\n\t\t\t\t\t\t\t<\/div>\n\t\t\t\n\t\t\t\n\t\t\t\n\t\t<\/div>\n\t\t\n\t\t[vc_raw_html css=&#8221;&#8221;]JTNDZGl2JTIwY2xhc3MlM0QlMjJhYm91dC13cmFwcGVyJTIyJTNFJTBBJTIwJTIwJTNDZGl2JTIwY2xhc3MlM0QlMjJhYm91dC1jb250YWluZXIlMjIlM0UlMEElMjAlMjAlMjAlM0NkaXYlMjBjbGFzcyUzRCUyMmFib3V0LW1lbnUlMjIlM0UlMEElMjAlMjAlMjAlMjAlMjAlM0NkaXYlMjBjbGFzcyUzRCUyMmFib3V0LWNvbnRlbnQlMjIlM0UlMEElMjAlMjAlMjAlMjAlMjAlMjAlMjAlMjAlM0NwJTNFJTBBJTIwJTIwJTIwJTIwJTIwJTIwJTIwJTIwJTIwJTIwJTIwJTIwS2FyYWRlbml6JTIwTWFzYSUyMFNhbmRhbHllJTIwb2xhcmFrJTJDJTIwbW9iaWx5YSUyMGFubGF5JUM0JUIxJUM1JTlGJUM0JUIxbiVDNCVCMSUyMGJpciUyMGFkJUM0JUIxbSUyMCVDMyVCNnRleWUlMjB0YSVDNSU5RiVDNCVCMXlvcnV6LiUyMFlhJUM1JTlGYW0lMjBhbGFubGFyJUM0JUIxbiVDNCVCMXphJTIwZGUlQzQlOUZlciUyMGthdGFjYWslMkMlMjBlc3RldGlrJTIwdmUlMjBkYXlhbiVDNCVCMWtsJUM0JUIxJTIwdGFzYXIlQzQlQjFtbGFyJTIwJUMzJUJDcmV0aXlvcnV6LiUyMEFtYWMlQzQlQjFtJUM0JUIxeiUyMHNhZGVjZSUyMGJpciUyMCVDMyVCQ3IlQzMlQkNuJTIwZGUlQzQlOUZpbCUzQiUyMGhlciUyMHphbWFuJTIwaGF5YWxsZXJpbml6ZGVraSUyMG1la2FubGFyJUM0JUIxJTIwZ2VyJUMzJUE3ZSVDNCU5RmUlMjBkJUMzJUI2biVDMyVCQyVDNSU5RnQlQzMlQkNybWVrLiUyME1hc2ElMjB2ZSUyMHNhbmRhbHllJTIwJTIwJTIwJTIwJTIwJTIwJTIwJTIwJTIwJTIwJTIwJTIwJTIwJTIwc2UlQzMlQTdpbWxlcmluaXpsZSUyQyUyMHlhJUM1JTlGYW0lMjBhbGFubGFyJUM0JUIxbiVDNCVCMXphJTIweWVweWVuaSUyMGJpciUyMGtpbWxpayUyMGthemFuZCVDNCVCMXIlQzQlQjFuLiUwQSUyMCUyMCUyMCUyMCUyMCUyMCUyMCUyMCUzQyUyRnAlM0UlMEElMjAlMjAlMjAlMjAlMjAlM0MlMkZkaXYlM0UlMEElMEElMjAlMjAlMjAlM0MlMkZkaXYlM0UlMEElMjAlMjAlM0MlMkZkaXYlM0UlMEElM0MlMkZkaXYlM0U=[\/vc_raw_html]\t\t<div id=\"gallery_392\" class=\"wd-images-gallery wd-wpb wd-rs-675a0b4cbe52a vc_custom_1733956133189 photoswipe-images wd-carousel-container wd-wpb\" style=\"--wd-justify-content:center;--wd-align-items:center;\">\n\t\t\t\t\t\t\t<div class=\"wd-carousel-inner\">\n\t\t\t\n\t\t\t<div class=\" wd-carousel wd-grid\"data-scroll_per_page=\"yes\" style=\"--wd-col-lg:3.5;--wd-col-md:3;--wd-col-sm:1;--wd-gap-lg:20px;--wd-gap-sm:10px;--wd-carousel-overflow: visible\">\n\t\t\t\t\t\t\t\t\t<div class=\"wd-carousel-wrap\">\n\t\t\t\t\n\t\t\t\t\t\t\t\t\t\t\t\t\t\t\t<div class=\"wd-gallery-item wd-carousel-item\">\n\t\t\t\t\t\t\t\t\t\t\t\t\t\t<a href=\"https:\/\/i0.wp.com\/www.karadenizmasasandalye.com\/wp-content\/uploads\/2024\/12\/kara-1.jpg?fit=532%2C533&#038;ssl=1\" data-elementor-open-lightbox=\"no\" data-index=\"1\" data-width=\"532\" data-height=\"533\" \n\t\t\t\t\t\t\t\t\t\t\t\t >\n\t\t\t\t\t\t\t\t\n\t\t\t\t\t\t\t\t<img decoding=\"async\" width=\"532\" height=\"533\" data-src=\"https:\/\/i0.wp.com\/www.karadenizmasasandalye.com\/wp-content\/uploads\/2024\/12\/kara-1.jpg?fit=532%2C533&amp;ssl=1\" class=\"wd-gallery-image image-1 lazyload\" alt=\"\" data-srcset=\"https:\/\/i0.wp.com\/www.karadenizmasasandalye.com\/wp-content\/uploads\/2024\/12\/kara-1.jpg?w=532&amp;ssl=1 532w, https:\/\/i0.wp.com\/www.karadenizmasasandalye.com\/wp-content\/uploads\/2024\/12\/kara-1.jpg?resize=150%2C150&amp;ssl=1 150w, https:\/\/i0.wp.com\/www.karadenizmasasandalye.com\/wp-content\/uploads\/2024\/12\/kara-1.jpg?resize=300%2C300&amp;ssl=1 300w\" data-sizes=\"(max-width: 532px) 100vw, 532px\" src=\"data:image\/gif;base64,R0lGODlhAQABAAAAACH5BAEKAAEALAAAAAABAAEAAAICTAEAOw==\" style=\"--smush-placeholder-width: 532px; --smush-placeholder-aspect-ratio: 532\/533;\" \/>\n\t\t\t\t\t\t\t\t\t\t\t\t\t\t\t<\/a>\n\t\t\t\t\t\t\t\t\t\t\t\t<\/div>\n\t\t\t\t\t\t\t\t\t\t\t<div class=\"wd-gallery-item wd-carousel-item\">\n\t\t\t\t\t\t\t\t\t\t\t\t\t\t<a href=\"https:\/\/i0.wp.com\/www.karadenizmasasandalye.com\/wp-content\/uploads\/2024\/12\/kara-2.jpg?fit=1080%2C1080&#038;ssl=1\" data-elementor-open-lightbox=\"no\" data-index=\"2\" data-width=\"1080\" data-height=\"1080\" \n\t\t\t\t\t\t\t\t\t\t\t\t >\n\t\t\t\t\t\t\t\t\n\t\t\t\t\t\t\t\t<img decoding=\"async\" width=\"1080\" height=\"1080\" data-src=\"https:\/\/i0.wp.com\/www.karadenizmasasandalye.com\/wp-content\/uploads\/2024\/12\/kara-2.jpg?fit=1080%2C1080&amp;ssl=1\" class=\"wd-gallery-image image-2 lazyload\" alt=\"\" data-srcset=\"https:\/\/i0.wp.com\/www.karadenizmasasandalye.com\/wp-content\/uploads\/2024\/12\/kara-2.jpg?w=1080&amp;ssl=1 1080w, https:\/\/i0.wp.com\/www.karadenizmasasandalye.com\/wp-content\/uploads\/2024\/12\/kara-2.jpg?resize=600%2C600&amp;ssl=1 600w, https:\/\/i0.wp.com\/www.karadenizmasasandalye.com\/wp-content\/uploads\/2024\/12\/kara-2.jpg?resize=150%2C150&amp;ssl=1 150w, https:\/\/i0.wp.com\/www.karadenizmasasandalye.com\/wp-content\/uploads\/2024\/12\/kara-2.jpg?resize=300%2C300&amp;ssl=1 300w, https:\/\/i0.wp.com\/www.karadenizmasasandalye.com\/wp-content\/uploads\/2024\/12\/kara-2.jpg?resize=1024%2C1024&amp;ssl=1 1024w, https:\/\/i0.wp.com\/www.karadenizmasasandalye.com\/wp-content\/uploads\/2024\/12\/kara-2.jpg?resize=768%2C768&amp;ssl=1 768w\" data-sizes=\"(max-width: 1000px) 100vw, 1000px\" src=\"data:image\/gif;base64,R0lGODlhAQABAAAAACH5BAEKAAEALAAAAAABAAEAAAICTAEAOw==\" style=\"--smush-placeholder-width: 1080px; --smush-placeholder-aspect-ratio: 1080\/1080;\" \/>\n\t\t\t\t\t\t\t\t\t\t\t\t\t\t\t<\/a>\n\t\t\t\t\t\t\t\t\t\t\t\t<\/div>\n\t\t\t\t\t\t\t\t\t\t\t<div class=\"wd-gallery-item wd-carousel-item\">\n\t\t\t\t\t\t\t\t\t\t\t\t\t\t<a href=\"https:\/\/i0.wp.com\/www.karadenizmasasandalye.com\/wp-content\/uploads\/2024\/12\/kara-3.jpg?fit=1080%2C1080&#038;ssl=1\" data-elementor-open-lightbox=\"no\" data-index=\"3\" data-width=\"1080\" data-height=\"1080\" \n\t\t\t\t\t\t\t\t\t\t\t\t >\n\t\t\t\t\t\t\t\t\n\t\t\t\t\t\t\t\t<img decoding=\"async\" width=\"1080\" height=\"1080\" data-src=\"https:\/\/i0.wp.com\/www.karadenizmasasandalye.com\/wp-content\/uploads\/2024\/12\/kara-3.jpg?fit=1080%2C1080&amp;ssl=1\" class=\"wd-gallery-image image-3 lazyload\" alt=\"\" data-srcset=\"https:\/\/i0.wp.com\/www.karadenizmasasandalye.com\/wp-content\/uploads\/2024\/12\/kara-3.jpg?w=1080&amp;ssl=1 1080w, https:\/\/i0.wp.com\/www.karadenizmasasandalye.com\/wp-content\/uploads\/2024\/12\/kara-3.jpg?resize=600%2C600&amp;ssl=1 600w, https:\/\/i0.wp.com\/www.karadenizmasasandalye.com\/wp-content\/uploads\/2024\/12\/kara-3.jpg?resize=150%2C150&amp;ssl=1 150w, https:\/\/i0.wp.com\/www.karadenizmasasandalye.com\/wp-content\/uploads\/2024\/12\/kara-3.jpg?resize=300%2C300&amp;ssl=1 300w, https:\/\/i0.wp.com\/www.karadenizmasasandalye.com\/wp-content\/uploads\/2024\/12\/kara-3.jpg?resize=1024%2C1024&amp;ssl=1 1024w, https:\/\/i0.wp.com\/www.karadenizmasasandalye.com\/wp-content\/uploads\/2024\/12\/kara-3.jpg?resize=768%2C768&amp;ssl=1 768w\" data-sizes=\"(max-width: 1000px) 100vw, 1000px\" src=\"data:image\/gif;base64,R0lGODlhAQABAAAAACH5BAEKAAEALAAAAAABAAEAAAICTAEAOw==\" style=\"--smush-placeholder-width: 1080px; --smush-placeholder-aspect-ratio: 1080\/1080;\" \/>\n\t\t\t\t\t\t\t\t\t\t\t\t\t\t\t<\/a>\n\t\t\t\t\t\t\t\t\t\t\t\t<\/div>\n\t\t\t\t\t\t\t\t\t\n\t\t\t\t\t\t\t\t\t<\/div>\n\t\t\t\t\t\t\t<\/div>\n\n\t\t\t\t\t\t\t\t\t\t\t\t\t\t<div class=\"wd-nav-arrows wd-pos-sep wd-hover-1 wd-icon-1\">\n\t\t\t<div class=\"wd-btn-arrow wd-prev wd-disabled\">\n\t\t\t\t<div class=\"wd-arrow-inner\"><\/div>\n\t\t\t<\/div>\n\t\t\t<div class=\"wd-btn-arrow wd-next\">\n\t\t\t\t<div class=\"wd-arrow-inner\"><\/div>\n\t\t\t<\/div>\n\t\t<\/div>\n\t\t\t\t\t\t\n\t\t\t\t<\/div>\n\n\t\t\t\t\t\t\t\t\t\t\t\t\t<\/div>\n\t\t[\/vc_column][\/vc_row][vc_row equal_height=&#8221;yes&#8221; content_placement=&#8221;middle&#8221; woodmart_css_id=&#8221;671a4314afb4e&#8221; responsive_spacing=&#8221;eyJwYXJhbV90eXBlIjoid29vZG1hcnRfcmVzcG9uc2l2ZV9zcGFjaW5nIiwic2VsZWN0b3JfaWQiOiI2NzFhNDMxNGFmYjRlIiwic2hvcnRjb2RlIjoidmNfcm93IiwiZGF0YSI6eyJ0YWJsZXQiOnt9LCJtb2JpbGUiOnt9fX0=&#8221; mobile_bg_img_hidden=&#8221;no&#8221; tablet_bg_img_hidden=&#8221;no&#8221; woodmart_parallax=&#8221;0&#8243; woodmart_gradient_switch=&#8221;no&#8221; woodmart_box_shadow=&#8221;no&#8221; wd_z_index=&#8221;no&#8221; woodmart_disable_overflow=&#8221;0&#8243; row_reverse_mobile=&#8221;0&#8243; row_reverse_tablet=&#8221;0&#8243; css=&#8221;.vc_custom_1729774363556{margin-right: -10px !important;margin-left: -10px !important;}&#8221;][vc_column woodmart_color_scheme=&#8221;light&#8221; css=&#8221;.vc_custom_1733951453456{margin-right: 30px !important;margin-bottom: 20px !important;margin-left: 10px !important;padding-top: 90px !important;padding-right: 20px !important;padding-bottom: 90px !important;padding-left: 20px !important;background-image: url(https:\/\/www.karadenizmasasandalye.com\/wp-content\/uploads\/2024\/12\/Ekran-goruntusu-2024-12-12-000326.png?id=996) !important;background-position: center !important;background-repeat: no-repeat !important;background-size: cover !important;border-radius: 10px !important;}&#8221; woodmart_css_id=&#8221;6759ffd4a1f5e&#8221; parallax_scroll=&#8221;no&#8221; woodmart_sticky_column=&#8221;false&#8221; wd_collapsible_content_switcher=&#8221;no&#8221; wd_column_role_offcanvas_desktop=&#8221;no&#8221; wd_column_role_offcanvas_tablet=&#8221;no&#8221; wd_column_role_offcanvas_mobile=&#8221;no&#8221; wd_column_role_content_desktop=&#8221;no&#8221; wd_column_role_content_tablet=&#8221;no&#8221; wd_column_role_content_mobile=&#8221;no&#8221; mobile_bg_img_hidden=&#8221;no&#8221; tablet_bg_img_hidden=&#8221;no&#8221; woodmart_parallax=&#8221;0&#8243; woodmart_box_shadow=&#8221;no&#8221; responsive_spacing=&#8221;eyJwYXJhbV90eXBlIjoid29vZG1hcnRfcmVzcG9uc2l2ZV9zcGFjaW5nIiwic2VsZWN0b3JfaWQiOiI2NzU5ZmZkNGExZjVlIiwic2hvcnRjb2RlIjoidmNfY29sdW1uIiwiZGF0YSI6eyJ0YWJsZXQiOnt9LCJtb2JpbGUiOnt9fX0=&#8221; mobile_reset_margin=&#8221;no&#8221; tablet_reset_margin=&#8221;no&#8221; wd_z_index=&#8221;no&#8221; offset=&#8221;vc_col-lg-6&#8243;]\t\t<div class=\"wd-el-video wd-wpb wd-rs-675a00961597d wd-action-play wd-video-hosted vc_custom_1733951781832 text-center\">\n\t\t\t\t\t\t\t<div class=\"wd-popup wd-with-video wd-video-popup mfp-hide\" id=\"69e3732f346ab\"><video data-lazy-load=\"https:\/\/www.karadenizmasasandalye.com\/wp-content\/uploads\/2024\/12\/WhatsApp-Video-2024-12-05-at-13.36.51.mp4\" playsinline muted controls><\/video><\/div>\t\t\t\n\t\t\t\n\t\t\t\t\t\t\t<a href=\"#69e3732f346ab\" class=\"wd-el-video-btn wd-el-video-hosted\">\n\t\t\t\t\t<span class=\"wd-el-video-play-btn\"><\/span>\n\t\t\t\t\t\t\t\t\t<\/a>\n\t\t\t\n\t\t\t\t\t<\/div>\n\t\t[\/vc_column][vc_column woodmart_color_scheme=&#8221;light&#8221; css=&#8221;.vc_custom_1733395332333{margin-right: 10px !important;margin-bottom: 20px !important;margin-left: 10px !important;padding-top: 40px !important;padding-right: 40px !important;padding-bottom: 40px !important;padding-left: 40px !important;background-color: #262929 !important;border-radius: 10px !important;}&#8221; woodmart_css_id=&#8221;6751837f4427a&#8221; parallax_scroll=&#8221;no&#8221; woodmart_sticky_column=&#8221;false&#8221; wd_collapsible_content_switcher=&#8221;no&#8221; wd_column_role_offcanvas_desktop=&#8221;no&#8221; wd_column_role_offcanvas_tablet=&#8221;no&#8221; wd_column_role_offcanvas_mobile=&#8221;no&#8221; wd_column_role_content_desktop=&#8221;no&#8221; wd_column_role_content_tablet=&#8221;no&#8221; wd_column_role_content_mobile=&#8221;no&#8221; mobile_bg_img_hidden=&#8221;no&#8221; tablet_bg_img_hidden=&#8221;no&#8221; woodmart_parallax=&#8221;0&#8243; woodmart_box_shadow=&#8221;no&#8221; responsive_spacing=&#8221;eyJwYXJhbV90eXBlIjoid29vZG1hcnRfcmVzcG9uc2l2ZV9zcGFjaW5nIiwic2VsZWN0b3JfaWQiOiI2NzUxODM3ZjQ0MjdhIiwic2hvcnRjb2RlIjoidmNfY29sdW1uIiwiZGF0YSI6eyJ0YWJsZXQiOnt9LCJtb2JpbGUiOnsicGFkZGluZy10b3AiOiIyMHB4IiwicGFkZGluZy1yaWdodCI6IjIwcHgiLCJwYWRkaW5nLWJvdHRvbSI6IjIwcHgiLCJwYWRkaW5nLWxlZnQiOiIyMHB4In19fQ==&#8221; mobile_reset_margin=&#8221;no&#8221; tablet_reset_margin=&#8221;no&#8221; wd_z_index=&#8221;no&#8221; offset=&#8221;vc_col-lg-6&#8243;][vc_row_inner content_placement=&#8221;middle&#8221; woodmart_css_id=&#8221;671a43e10bb02&#8243; responsive_spacing=&#8221;eyJwYXJhbV90eXBlIjoid29vZG1hcnRfcmVzcG9uc2l2ZV9zcGFjaW5nIiwic2VsZWN0b3JfaWQiOiI2NzFhNDNlMTBiYjAyIiwic2hvcnRjb2RlIjoidmNfcm93X2lubmVyIiwiZGF0YSI6eyJ0YWJsZXQiOnt9LCJtb2JpbGUiOnt9fX0=&#8221; mobile_bg_img_hidden=&#8221;no&#8221; tablet_bg_img_hidden=&#8221;no&#8221; woodmart_parallax=&#8221;0&#8243; woodmart_gradient_switch=&#8221;no&#8221; woodmart_box_shadow=&#8221;no&#8221; wd_z_index=&#8221;no&#8221; woodmart_disable_overflow=&#8221;0&#8243; row_reverse_mobile=&#8221;0&#8243; row_reverse_tablet=&#8221;0&#8243;][vc_column_inner]\n\t\t<div id=\"wd-67518a4d47662\" class=\"title-wrapper wd-wpb wd-set-mb reset-last-child  wd-rs-67518a4d47662 wd-title-color-default wd-title-style-default text-left vc_custom_1733397081862 wd-width-custom wd-underline-colored\">\n\t\t\t\n\t\t\t<div class=\"liner-continer\">\n\t\t\t\t<h4 class=\"woodmart-title-container title  wd-font-weight- wd-fontsize-l\" >Misyonumuz<\/h4>\n\t\t\t\t\t\t\t<\/div>\n\t\t\t\n\t\t\t\n\t\t\t\n\t\t<\/div>\n\t\t\n\t\t\t\t<div id=\"wd-6751908bf0402\" class=\"wd-text-block wd-wpb reset-last-child wd-rs-6751908bf0402 text-left vc_custom_1733398672501\">\n\t\t\t<p>Karadeniz Masa Sandalye olarak, ya\u015fam alanlar\u0131n\u0131za \u015f\u0131kl\u0131k, konfor ve kalite katmay\u0131 temel misyonumuz olarak g\u00f6r\u00fcyoruz. Her biri \u00f6zenle tasarlanm\u0131\u015f masa ve sandalye modellerimizle, m\u00fc\u015fterilerimize sadece mobilya de\u011fil, ayn\u0131 zamanda estetik bir ya\u015fam deneyimi sunmay\u0131 hedefliyoruz.<\/p>\n\t\t<\/div>\n\t\t[\/vc_column_inner][\/vc_row_inner][\/vc_column][\/vc_row][vc_row equal_height=&#8221;yes&#8221; content_placement=&#8221;middle&#8221; woodmart_css_id=&#8221;671a4314afb4e&#8221; responsive_spacing=&#8221;eyJwYXJhbV90eXBlIjoid29vZG1hcnRfcmVzcG9uc2l2ZV9zcGFjaW5nIiwic2VsZWN0b3JfaWQiOiI2NzFhNDMxNGFmYjRlIiwic2hvcnRjb2RlIjoidmNfcm93IiwiZGF0YSI6eyJ0YWJsZXQiOnt9LCJtb2JpbGUiOnt9fX0=&#8221; mobile_bg_img_hidden=&#8221;no&#8221; tablet_bg_img_hidden=&#8221;no&#8221; woodmart_parallax=&#8221;0&#8243; woodmart_gradient_switch=&#8221;no&#8221; woodmart_box_shadow=&#8221;no&#8221; wd_z_index=&#8221;no&#8221; woodmart_disable_overflow=&#8221;0&#8243; row_reverse_mobile=&#8221;0&#8243; row_reverse_tablet=&#8221;0&#8243; css=&#8221;.vc_custom_1729774363556{margin-right: -10px !important;margin-left: -10px !important;}&#8221;][vc_column woodmart_color_scheme=&#8221;light&#8221; css=&#8221;.vc_custom_1734007615976{margin-right: 30px !important;margin-bottom: 20px !important;margin-left: 10px !important;padding-top: 90px !important;padding-right: 20px !important;padding-bottom: 90px !important;padding-left: 20px !important;background-color: #262929 !important;background-position: center !important;background-repeat: no-repeat !important;background-size: cover !important;border-radius: 10px !important;}&#8221; woodmart_css_id=&#8221;675adb37f1bd4&#8243; parallax_scroll=&#8221;no&#8221; woodmart_sticky_column=&#8221;false&#8221; wd_collapsible_content_switcher=&#8221;no&#8221; wd_column_role_offcanvas_desktop=&#8221;no&#8221; wd_column_role_offcanvas_tablet=&#8221;no&#8221; wd_column_role_offcanvas_mobile=&#8221;no&#8221; wd_column_role_content_desktop=&#8221;no&#8221; wd_column_role_content_tablet=&#8221;no&#8221; wd_column_role_content_mobile=&#8221;no&#8221; mobile_bg_img_hidden=&#8221;no&#8221; tablet_bg_img_hidden=&#8221;no&#8221; woodmart_parallax=&#8221;0&#8243; woodmart_box_shadow=&#8221;no&#8221; responsive_spacing=&#8221;eyJwYXJhbV90eXBlIjoid29vZG1hcnRfcmVzcG9uc2l2ZV9zcGFjaW5nIiwic2VsZWN0b3JfaWQiOiI2NzVhZGIzN2YxYmQ0Iiwic2hvcnRjb2RlIjoidmNfY29sdW1uIiwiZGF0YSI6eyJ0YWJsZXQiOnt9LCJtb2JpbGUiOnt9fX0=&#8221; mobile_reset_margin=&#8221;no&#8221; tablet_reset_margin=&#8221;no&#8221; wd_z_index=&#8221;no&#8221; offset=&#8221;vc_col-lg-6&#8243;][vc_row_inner content_placement=&#8221;middle&#8221; woodmart_css_id=&#8221;671a43e10bb02&#8243; responsive_spacing=&#8221;eyJwYXJhbV90eXBlIjoid29vZG1hcnRfcmVzcG9uc2l2ZV9zcGFjaW5nIiwic2VsZWN0b3JfaWQiOiI2NzFhNDNlMTBiYjAyIiwic2hvcnRjb2RlIjoidmNfcm93X2lubmVyIiwiZGF0YSI6eyJ0YWJsZXQiOnt9LCJtb2JpbGUiOnt9fX0=&#8221; mobile_bg_img_hidden=&#8221;no&#8221; tablet_bg_img_hidden=&#8221;no&#8221; woodmart_parallax=&#8221;0&#8243; woodmart_gradient_switch=&#8221;no&#8221; woodmart_box_shadow=&#8221;no&#8221; wd_z_index=&#8221;no&#8221; woodmart_disable_overflow=&#8221;0&#8243; row_reverse_mobile=&#8221;0&#8243; row_reverse_tablet=&#8221;0&#8243;][vc_column_inner]\n\t\t<div id=\"wd-675adb9eeafcd\" class=\"title-wrapper wd-wpb wd-set-mb reset-last-child  wd-rs-675adb9eeafcd wd-title-color-default wd-title-style-default text-left vc_custom_1734007716505 wd-width-custom wd-underline-colored\">\n\t\t\t\n\t\t\t<div class=\"liner-continer\">\n\t\t\t\t<h4 class=\"woodmart-title-container title  wd-font-weight- wd-fontsize-l\" >Vizyonumuz<\/h4>\n\t\t\t\t\t\t\t<\/div>\n\t\t\t\n\t\t\t\n\t\t\t\n\t\t<\/div>\n\t\t\n\t\t\t\t<div id=\"wd-675adc0cf0d1e\" class=\"wd-text-block wd-wpb reset-last-child wd-rs-675adc0cf0d1e text-left vc_custom_1734007824928\">\n\t\t\t<p>Karadeniz Masa Sandalye olarak, mobilya sekt\u00f6r\u00fcnde yenilik\u00e7i ve lider bir marka olmay\u0131 hedefliyoruz. Amac\u0131m\u0131z, modern ve klasik tasar\u0131mlar\u0131 en y\u00fcksek kalite standartlar\u0131yla birle\u015ftirerek, m\u00fc\u015fterilerimize hayallerindeki ya\u015fam alanlar\u0131n\u0131 sunmak.<\/p>\n\t\t<\/div>\n\t\t[\/vc_column_inner][\/vc_row_inner][\/vc_column][vc_column woodmart_color_scheme=&#8221;light&#8221; css=&#8221;.vc_custom_1734007685065{margin-right: 10px !important;margin-bottom: 20px !important;margin-left: 10px !important;padding-top: 40px !important;padding-right: 40px !important;padding-bottom: 40px !important;padding-left: 40px !important;background: #262929 url(https:\/\/www.karadenizmasasandalye.com\/wp-content\/uploads\/2024\/12\/Ekran-goruntusu-2024-12-12-000326.png?id=996) !important;background-position: center !important;background-repeat: no-repeat !important;background-size: cover !important;border-radius: 10px !important;}&#8221; woodmart_css_id=&#8221;675adb7f4210f&#8221; parallax_scroll=&#8221;no&#8221; woodmart_sticky_column=&#8221;false&#8221; wd_collapsible_content_switcher=&#8221;no&#8221; wd_column_role_offcanvas_desktop=&#8221;no&#8221; wd_column_role_offcanvas_tablet=&#8221;no&#8221; wd_column_role_offcanvas_mobile=&#8221;no&#8221; wd_column_role_content_desktop=&#8221;no&#8221; wd_column_role_content_tablet=&#8221;no&#8221; wd_column_role_content_mobile=&#8221;no&#8221; mobile_bg_img_hidden=&#8221;no&#8221; tablet_bg_img_hidden=&#8221;no&#8221; woodmart_parallax=&#8221;0&#8243; woodmart_box_shadow=&#8221;no&#8221; responsive_spacing=&#8221;eyJwYXJhbV90eXBlIjoid29vZG1hcnRfcmVzcG9uc2l2ZV9zcGFjaW5nIiwic2VsZWN0b3JfaWQiOiI2NzVhZGI3ZjQyMTBmIiwic2hvcnRjb2RlIjoidmNfY29sdW1uIiwiZGF0YSI6eyJ0YWJsZXQiOnt9LCJtb2JpbGUiOnsicGFkZGluZy10b3AiOiIyMHB4IiwicGFkZGluZy1yaWdodCI6IjIwcHgiLCJwYWRkaW5nLWJvdHRvbSI6IjIwcHgiLCJwYWRkaW5nLWxlZnQiOiIyMHB4In19fQ==&#8221; mobile_reset_margin=&#8221;no&#8221; tablet_reset_margin=&#8221;no&#8221; wd_z_index=&#8221;no&#8221; offset=&#8221;vc_col-lg-6&#8243;]\t\t<div class=\"wd-el-video wd-wpb wd-rs-675adae715858 wd-action-play wd-video-hosted vc_custom_1734007535801 text-center\">\n\t\t\t\t\t\t\t<div class=\"wd-popup wd-with-video wd-video-popup mfp-hide\" id=\"69e3732f34a85\"><video data-lazy-load=\"https:\/\/www.karadenizmasasandalye.com\/wp-content\/uploads\/2024\/12\/WhatsApp-Video-2024-12-05-at-13.36.27.mp4\" playsinline muted controls><\/video><\/div>\t\t\t\n\t\t\t\n\t\t\t\t\t\t\t<a href=\"#69e3732f34a85\" class=\"wd-el-video-btn wd-el-video-hosted\">\n\t\t\t\t\t<span class=\"wd-el-video-play-btn\"><\/span>\n\t\t\t\t\t\t\t\t\t<\/a>\n\t\t\t\n\t\t\t\t\t<\/div>\n\t\t[\/vc_column][\/vc_row][vc_row][vc_column][\/vc_column][\/vc_row]<\/p>\n<\/div>","protected":false},"excerpt":{"rendered":"<p>[vc_row woodmart_stretch_content=&#8221;section-stretch&#8221; css=&#8221;.vc_custom_1733395313951{margin-top: -40px !important;margin-bottom: 40px !important;padding-top: 60px !important;padding-bottom: 30px !important;background-color: #262929 !important;}&#8221; woodmart_css_id=&#8221;675181fc1c6c1&#8243; responsive_spacing=&#8221;eyJwYXJhbV90eXBlIjoid29vZG1hcnRfcmVzcG9uc2l2ZV9zcGFjaW5nIiwic2VsZWN0b3JfaWQiOiI2NzUxODFmYzFjNmMxIiwic2hvcnRjb2RlIjoidmNfcm93IiwiZGF0YSI6eyJ0YWJsZXQiOnsicGFkZGluZy10b3AiOiI0MHB4IiwicGFkZGluZy1ib3R0b20iOiIxMHB4In0sIm1vYmlsZSI6e319fQ==&#8221; mobile_bg_img_hidden=&#8221;no&#8221; tablet_bg_img_hidden=&#8221;no&#8221; woodmart_parallax=&#8221;0&#8243; woodmart_gradient_switch=&#8221;no&#8221; woodmart_box_shadow=&#8221;no&#8221;<\/p>\n","protected":false},"author":1,"featured_media":0,"parent":0,"menu_order":0,"comment_status":"closed","ping_status":"closed","template":"","meta":{"footnotes":""},"class_list":["post-62","page","type-page","status-publish","hentry"],"_links":{"self":[{"href":"https:\/\/www.karadenizmasasandalye.com\/index.php\/wp-json\/wp\/v2\/pages\/62","targetHints":{"allow":["GET"]}}],"collection":[{"href":"https:\/\/www.karadenizmasasandalye.com\/index.php\/wp-json\/wp\/v2\/pages"}],"about":[{"href":"https:\/\/www.karadenizmasasandalye.com\/index.php\/wp-json\/wp\/v2\/types\/page"}],"author":[{"embeddable":true,"href":"https:\/\/www.karadenizmasasandalye.com\/index.php\/wp-json\/wp\/v2\/users\/1"}],"replies":[{"embeddable":true,"href":"https:\/\/www.karadenizmasasandalye.com\/index.php\/wp-json\/wp\/v2\/comments?post=62"}],"version-history":[{"count":26,"href":"https:\/\/www.karadenizmasasandalye.com\/index.php\/wp-json\/wp\/v2\/pages\/62\/revisions"}],"predecessor-version":[{"id":1117,"href":"https:\/\/www.karadenizmasasandalye.com\/index.php\/wp-json\/wp\/v2\/pages\/62\/revisions\/1117"}],"wp:attachment":[{"href":"https:\/\/www.karadenizmasasandalye.com\/index.php\/wp-json\/wp\/v2\/media?parent=62"}],"curies":[{"name":"wp","href":"https:\/\/api.w.org\/{rel}","templated":true}]}}